e
Does 40 divide 62347434?
False
Is 1086350268 a multiple of 548?
True
Is 8200551 a multiple of 6?
False
Does 76 divide 375082800?
True
Does 283 divide 1402448095?
False
Does 1071 divide 66224965?
False
Does 13 divide 125334969?
False
Does 77 divide 1545404598?
False
Is 59596661 a multiple of 103?
False
Is 491 a factor of 34849629?
False
Does 307 divide 179076477?
True
Is 2884 a factor of 486668541?
False
Is 849 a factor of 28689408?
True
Is 105795518 a multiple of 2764?
False
Is 66270012 a multiple of 1649?
True
Is 5715796 a multiple of 84?
False
Is 61791500 a multiple of 100?
True
Is 2047208043 a multiple of 789?
True
Does 983 divide 714731827?
False
Is 157477095 a multiple of 54?
False
Is 1313626 a multiple of 273?
False
Is 798 a factor of 2651902315?
False
Does 25 divide 82166060?
False
Does 4978 divide 163848898?
False
Does 1095 divide 238684074?
False
Is 149 a factor of 2408102929?
False
Does 1081 divide 2003980780?
False
Is 56342448 a multiple of 9?
True
Is 19278432 a multiple of 9?
True
Is 11 a factor of 23581877?
True
Is 156345629 a multiple of 19?
False
Is 7566913 a multiple of 182?
False
Is 17260973 a multiple of 86?
False
Does 148 divide 280833552?
True
Does 22 divide 737418?
True
Is 117838261 a multiple of 37?
False
Is 1272 a factor of 122887920?
True
Is 7 a factor of 5012959?
True
Is 4010 a factor of 659268060?
True
Is 25477375 a multiple of 455?
False
Is 29 a factor of 115947394?
True
Does 61 divide 69549628?
False
Is 6454922 a multiple of 1654?
False
Is 149340644 a multiple of 5482?
True
Is 3204462864 a multiple of 185?
False
Does 63 divide 4447426145?
False
Is 64 a factor of 33213120?
True
Is 2185 a factor of 4572820440?
True
Does 1646 divide 970146936?
False
Is 304 a factor of 318458368?
False
Is 446 a factor of 19331870?
True
Does 123 divide 2617106445?
False
Is 633553380 a multiple of 90?
True
Does 18 divide 565547003?
False
Is 12 a factor of 142601943?
False
Is 7743055 a multiple of 535?
True
Is 3 a factor of 495287?
False
Is 10270509 a multiple of 1870?
False
Is 45 a factor of 116232345?
True
Is 4555287 a multiple of 517?
True
Is 34089336 a multiple of 2?
True
Is 144936044 a multiple of 490?
False
Does 229 divide 19095224?
False
Is 35408343 a multiple of 472?
False
Does 2 divide 5485212?
True
Does 9 divide 187000779?
False
Is 101 a factor of 1367518809?
False
Is 67 a factor of 184484768?
True
Is 9192887 a multiple of 11?
True
Is 122 a factor of 8325700?
False
Is 87 a factor of 1359740165?
False
Does 3721 divide 969792492?
False
Does 9 divide 745443?
True
Is 156155125 a multiple of 875?
True
Is 9 a factor of 579387977?
False
Is 46675107 a multiple of 5?
False
Is 175 a factor of 74838050?
True
Is 19 a factor of 5954255?
False
Does 24 divide 19894056?
True
Is 130772800 a multiple of 16?
True
Is 62 a factor of 465000?
True
Is 53631486 a multiple of 50?
False
Does 13 divide 27832337?
True
Is 38560736 a multiple of 769?
True
Does 199 divide 22229350?
False
Is 44 a factor of 388866676?
True
Is 138037536 a multiple of 1832?
True
Does 6 divide 219992838?
True
Is 59702678 a multiple of 2549?
True
Is 5933023824 a multiple of 892?
True
Does 532 divide 249951156?
True
Does 286 divide 234640991?
False
Is 43460070 a multiple of 10?
True
Is 17176617 a multiple of 9?
True
Is 318306771 a multiple of 27?
False
Is 83954574 a multiple of 14?
False
Is 1247245510 a multiple of 303?
False
Is 146142929 a multiple of 129?
False
Does 12 divide 141879411?
False
Is 68 a factor of 2142476178?
False
Is 884 a factor of 777736128?
True
Is 1117 a factor of 532521931?
True
Is 8757 a factor of 1290142539?
True
Does 100 divide 38992585?
False
Does 742 divide 87561194?
True
Is 50 a factor of 6631100?
True
Does 23 divide 2511259278?
True
Is 503168336 a multiple of 242?
True
Is 2604 a factor of 45312204?
True
Is 16510277 a multiple of 12?
False
Does 1794 divide 85323566?
False
Is 642682743 a multiple of 149?
True
Is 7 a factor of 4912390?
True
Is 10 a factor of 4858494?
False
Is 99014280 a multiple of 534?
True
Is 451447344 a multiple of 1296?
True
Does 87 divide 17092455?
True
Is 4 a factor of 23660672?
True
Does 66 divide 516944670?
True
Is 7064050 a multiple of 10?
True
Does 690 divide 117309405?
False
Does 4414 divide 644752980?
True
Is 230 a factor of 1192500125?
False
Is 79190646 a multiple of 4720?
False
Is 27097920 a multiple of 194?
True
Is 5268955 a multiple of 38?
False
Is 3300573500 a multiple of 1043?
True
Does 14 divide 427745912?
False
Is 23 a factor of 2903244?
True
Is 214034976 a multiple of 288?
True
Is 940 a factor of 104549273?
False
Is 1003492925 a multiple of 1627?
True
Does 18 divide 230981371?
False
Does 1227 divide 45492252?
True
Is 329771228 even?
True
Is 6 a factor of 125266554?
True
Is 79148857 a multiple of 39?
False
Does 50 divide 17102300?
True
Is 127671423 a multiple of 1147?
True
Is 339084554 a multiple of 4933?
True
Does 233 divide 15677367?
False
Is 395946276 a multiple of 132?
True
Does 171 divide 2011473?
True
Is 16919759 a multiple of 40?
False
Does 945 divide 1349373060?
True
Does 18 divide 20458624?
False
Does 62 divide 620100812?
True
Is 1997060 a multiple of 52?
True
Is 72 a factor of 500085243?
False
Is 141 a factor of 4816919650?
False
Is 1207248259 a multiple of 4?
False
Is 18406803 a multiple of 1049?
True
Is 356 a factor of 1089561256?
False
Is 318 a factor of 18052562?
False
Is 13 a factor of 19728971?
False
Is 6692245443 a multiple of 33?
False
Is 22 a factor of 20572069?
False
Does 1751 divide 2891523128?
False
Is 26346966 a multiple of 50?
False
Is 283 a factor of 88930627?
False
Is 200610700 a multiple of 5?
True
Is 4961 a factor of 1237250883?
False
Is 221 a factor of 49080343?
True
Is 80288278 a multiple of 76?
False
Is 38190127 a multiple of 19?
False
Is 1702 a factor of 4037144?
True
Is 24003124 a multiple of 254?
False
Is 173 a factor of 1445117959?
True
Is 1304 a factor of 212402040?
True
Is 88 a factor of 4203760?
True
Does 3597 divide 78042571?
False
Is 1034336969 a multiple of 50?
False
Is 12 a factor of 68527413?
False
Is 67974340 a multiple of 140?
True
Is 317 a factor of 233061253?
True
Is 95168946 a multiple of 649?
False
Is 553531254 a multiple of 6?
True
Does 925 divide 634418189?
False
Does 32 divide 2302829728?
True
Is 20713962 a multiple of 2?
True
Is 2 a factor of 3960495?
False
Is 372238590 a multiple of 398?
False
Is 293707039 a multiple of 103?
False
Does 243 divide 57047560?
False
Is 8 a factor of 220228552?
True
Does 30 divide 10950600?
True
Is 22 a factor of 49795894?
False
Does 15 divide 80348760?
True
Is 14 a factor of 226174773?
False
Is 156 a factor of 102423294?
False
Is 74204565 a multiple of 90?
False
Does 51 divide 511942304?
False
Does 6 divide 5670665?
False
Is 101749754 a multiple of 62?
False
Is 89 a factor of 409129262?
True
Does 126 divide 5848214?
False
Does 835 divide 10726410?
True
Is 530572874 a multiple of 17?
False
Does 440 divide 168510705?
False
Is 71324749 a multiple of 19?
False
Is 2188894224 a multiple of 17?
False
Does 25 divide 193076248?
False
Is 11260084 a multiple of 329?
False
Does 6 divide 698445947?
False
Is 6696456 a multiple of 4?
True
Does 22 divide 111486613?
False
Is 96 a factor of 29857824?
True
Does 38 divide 2964108?
False
Does 2356 divide 708956919?
False
Is 567 a factor of 52922602?
False
Is 39 a factor of 646230?
True
Is 12 a factor of 39062466?
False
Does 6 divide 402960?
True
Is 969 a factor of 39142759?
False
Is 32377122 a multiple of 3?
True
Does 15 divide 14622092?
False
Does 11 divide 812868710?
False
Does 632 divide 72710226?
False
Is 84220608 a multiple of 6?
True
Does 59 divide 187274213?
False
Is 209 a factor of 29982931?
True
Is 772466382 a multiple of 1818?
True
Does 310 divide 115892260?
True
Does 6 divide 304014958?
False
Does 1471 divide 17081191?
False
Does 272 divide 33413463?
False
Is 4 a factor of 5725352?
True
Is 235676912 a multiple of 46?
False
Is 773025305 a multiple of 65?
True
Does 532 divide 44112082?
False
Does 339 divide 10286955?
True
Is 134170469 a multiple of 211?
True
Is 168 a factor of 2227316036?
False
Does 172 divide 11974423?
False
Is 1035168 a multiple of 61?
False
Is 9010908 a multiple of 36?
True
Does 249 divide 99516336?
True
Is 1750290854 a multiple of 33?
False
Is 380627758 a multiple of 41?
Fals